{"id":134,"date":"2023-01-30T12:17:24","date_gmt":"2023-01-30T12:17:24","guid":{"rendered":"https:\/\/patr928h.aspitcloud.dk\/first\/?post_type=product&amp;p=134"},"modified":"2023-01-30T12:17:24","modified_gmt":"2023-01-30T12:17:24","slug":"sandsten","status":"publish","type":"product","link":"https:\/\/patr928h.aspitcloud.dk\/index.php\/product\/sandsten\/","title":{"rendered":"Sandsten"},"content":{"rendered":"<p>Luxury gellakfarverne har en dybde og pigmentering, som giver dig en exceptionel d\u00e6kkeevne. De kan bruges til klassisk gellakmanicure, men ogs\u00e5 i stedet for de klassiske farvede geleer ovenp\u00e5 b\u00e5de akryl- og gelenegle.<\/p>\n<p>Sandsten er en smuk lysebrun farve med lidt diskret glitter. Sandsten kan ogs\u00e5 anvendes hvis du har et m\u00f8rkt negleleje og vil lave fransk manicure.<\/p>\n<p>Luxury gellak er beriget med keratin og biotin, som beskytter og plejer neglen mens du bruger den. Allerede efter kort tids brug vil du kunne m\u00e6rke en forskel p\u00e5 dine negle. Afh\u00e6ngig af din negls tilstand og hvor dygtig du er, kan du f\u00e5 din manicure med Luxury gellak til at holde 4-5 uger.<\/p>\n","protected":false},"excerpt":{"rendered":"<p>Sandsten er en smuk lysebrun farve med lidt diskret glitter. Sandsten kan ogs\u00e5 anvendes hvis du har et m\u00f8rkt negleleje og vil lave fransk manicure.<\/p>\n","protected":false},"featured_media":135,"comment_status":"open","ping_status":"closed","template":"","meta":[],"product_cat":[24,28],"product_tag":[],"class_list":["post-134","product","type-product","status-publish","has-post-thumbnail","hentry","product_cat-kauk","product_cat-luksus"],"yoast_head":"<!-- This site is optimized with the Yoast SEO plugin v20.1 - https:\/\/yoast.com\/wordpress\/plugins\/seo\/ -->\n<title>Sandsten - Webshop<\/title>\n<meta name=\"robots\" content=\"index, follow, max-snippet:-1, max-image-preview:large, max-video-preview:-1\" \/>\n<link rel=\"canonical\" href=\"https:\/\/patr928h.aspitcloud.dk\/index.php\/product\/sandsten\/\" \/>\n<meta property=\"og:locale\" content=\"en_US\" \/>\n<meta property=\"og:type\" content=\"article\" \/>\n<meta property=\"og:title\" content=\"Sandsten - Webshop\" \/>\n<meta property=\"og:description\" content=\"Sandsten er en smuk lysebrun farve med lidt diskret glitter. Sandsten kan ogs\u00e5 anvendes hvis du har et m\u00f8rkt negleleje og vil lave fransk manicure.\" \/>\n<meta property=\"og:url\" content=\"https:\/\/patr928h.aspitcloud.dk\/index.php\/product\/sandsten\/\" \/>\n<meta property=\"og:site_name\" content=\"Webshop\" \/>\n<meta property=\"og:image\" content=\"https:\/\/patr928h.aspitcloud.dk\/wp-content\/uploads\/2023\/01\/NR-shellac-245-e1675420714328.jpg\" \/>\n\t<meta property=\"og:image:width\" content=\"1920\" \/>\n\t<meta property=\"og:image:height\" content=\"1920\" \/>\n\t<meta property=\"og:image:type\" content=\"image\/jpeg\" \/>\n<meta name=\"twitter:card\" content=\"summary_large_image\" \/>\n<meta name=\"twitter:label1\" content=\"Est. reading time\" \/>\n\t<meta name=\"twitter:data1\" content=\"1 minute\" \/>\n<script type=\"application\/ld+json\" class=\"yoast-schema-graph\">{\"@context\":\"https:\/\/schema.org\",\"@graph\":[{\"@type\":\"WebPage\",\"@id\":\"https:\/\/patr928h.aspitcloud.dk\/index.php\/product\/sandsten\/\",\"url\":\"https:\/\/patr928h.aspitcloud.dk\/index.php\/product\/sandsten\/\",\"name\":\"Sandsten - Webshop\",\"isPartOf\":{\"@id\":\"https:\/\/patr928h.aspitcloud.dk\/#website\"},\"datePublished\":\"2023-01-30T12:17:24+00:00\",\"dateModified\":\"2023-01-30T12:17:24+00:00\",\"breadcrumb\":{\"@id\":\"https:\/\/patr928h.aspitcloud.dk\/index.php\/product\/sandsten\/#breadcrumb\"},\"inLanguage\":\"en-US\",\"potentialAction\":[{\"@type\":\"ReadAction\",\"target\":[\"https:\/\/patr928h.aspitcloud.dk\/index.php\/product\/sandsten\/\"]}]},{\"@type\":\"BreadcrumbList\",\"@id\":\"https:\/\/patr928h.aspitcloud.dk\/index.php\/product\/sandsten\/#breadcrumb\",\"itemListElement\":[{\"@type\":\"ListItem\",\"position\":1,\"name\":\"Home\",\"item\":\"https:\/\/patr928h.aspitcloud.dk\/\"},{\"@type\":\"ListItem\",\"position\":2,\"name\":\"Shop\",\"item\":\"https:\/\/patr928h.aspitcloud.dk\/index.php\/shop\/\"},{\"@type\":\"ListItem\",\"position\":3,\"name\":\"Sandsten\"}]},{\"@type\":\"WebSite\",\"@id\":\"https:\/\/patr928h.aspitcloud.dk\/#website\",\"url\":\"https:\/\/patr928h.aspitcloud.dk\/\",\"name\":\"Nastasia Nails\",\"description\":\"\",\"publisher\":{\"@id\":\"https:\/\/patr928h.aspitcloud.dk\/#organization\"},\"potentialAction\":[{\"@type\":\"SearchAction\",\"target\":{\"@type\":\"EntryPoint\",\"urlTemplate\":\"https:\/\/patr928h.aspitcloud.dk\/?s={search_term_string}\"},\"query-input\":\"required name=search_term_string\"}],\"inLanguage\":\"en-US\"},{\"@type\":\"Organization\",\"@id\":\"https:\/\/patr928h.aspitcloud.dk\/#organization\",\"name\":\"Nastasia Nails\",\"url\":\"https:\/\/patr928h.aspitcloud.dk\/\",\"logo\":{\"@type\":\"ImageObject\",\"inLanguage\":\"en-US\",\"@id\":\"https:\/\/patr928h.aspitcloud.dk\/#\/schema\/logo\/image\/\",\"url\":\"https:\/\/patr928h.aspitcloud.dk\/wp-content\/uploads\/2023\/02\/cropped-Nastasia-Nails-logo.png\",\"contentUrl\":\"https:\/\/patr928h.aspitcloud.dk\/wp-content\/uploads\/2023\/02\/cropped-Nastasia-Nails-logo.png\",\"width\":3297,\"height\":1899,\"caption\":\"Nastasia Nails\"},\"image\":{\"@id\":\"https:\/\/patr928h.aspitcloud.dk\/#\/schema\/logo\/image\/\"}}]}<\/script>\n<!-- \/ Yoast SEO plugin. -->","yoast_head_json":{"title":"Sandsten - Webshop","robots":{"index":"index","follow":"follow","max-snippet":"max-snippet:-1","max-image-preview":"max-image-preview:large","max-video-preview":"max-video-preview:-1"},"canonical":"https:\/\/patr928h.aspitcloud.dk\/index.php\/product\/sandsten\/","og_locale":"en_US","og_type":"article","og_title":"Sandsten - Webshop","og_description":"Sandsten er en smuk lysebrun farve med lidt diskret glitter. Sandsten kan ogs\u00e5 anvendes hvis du har et m\u00f8rkt negleleje og vil lave fransk manicure.","og_url":"https:\/\/patr928h.aspitcloud.dk\/index.php\/product\/sandsten\/","og_site_name":"Webshop","og_image":[{"width":1920,"height":1920,"url":"https:\/\/patr928h.aspitcloud.dk\/wp-content\/uploads\/2023\/01\/NR-shellac-245-e1675420714328.jpg","type":"image\/jpeg"}],"twitter_card":"summary_large_image","twitter_misc":{"Est. reading time":"1 minute"},"schema":{"@context":"https:\/\/schema.org","@graph":[{"@type":"WebPage","@id":"https:\/\/patr928h.aspitcloud.dk\/index.php\/product\/sandsten\/","url":"https:\/\/patr928h.aspitcloud.dk\/index.php\/product\/sandsten\/","name":"Sandsten - Webshop","isPartOf":{"@id":"https:\/\/patr928h.aspitcloud.dk\/#website"},"datePublished":"2023-01-30T12:17:24+00:00","dateModified":"2023-01-30T12:17:24+00:00","breadcrumb":{"@id":"https:\/\/patr928h.aspitcloud.dk\/index.php\/product\/sandsten\/#breadcrumb"},"inLanguage":"en-US","potentialAction":[{"@type":"ReadAction","target":["https:\/\/patr928h.aspitcloud.dk\/index.php\/product\/sandsten\/"]}]},{"@type":"BreadcrumbList","@id":"https:\/\/patr928h.aspitcloud.dk\/index.php\/product\/sandsten\/#breadcrumb","itemListElement":[{"@type":"ListItem","position":1,"name":"Home","item":"https:\/\/patr928h.aspitcloud.dk\/"},{"@type":"ListItem","position":2,"name":"Shop","item":"https:\/\/patr928h.aspitcloud.dk\/index.php\/shop\/"},{"@type":"ListItem","position":3,"name":"Sandsten"}]},{"@type":"WebSite","@id":"https:\/\/patr928h.aspitcloud.dk\/#website","url":"https:\/\/patr928h.aspitcloud.dk\/","name":"Nastasia Nails","description":"","publisher":{"@id":"https:\/\/patr928h.aspitcloud.dk\/#organization"},"potentialAction":[{"@type":"SearchAction","target":{"@type":"EntryPoint","urlTemplate":"https:\/\/patr928h.aspitcloud.dk\/?s={search_term_string}"},"query-input":"required name=search_term_string"}],"inLanguage":"en-US"},{"@type":"Organization","@id":"https:\/\/patr928h.aspitcloud.dk\/#organization","name":"Nastasia Nails","url":"https:\/\/patr928h.aspitcloud.dk\/","logo":{"@type":"ImageObject","inLanguage":"en-US","@id":"https:\/\/patr928h.aspitcloud.dk\/#\/schema\/logo\/image\/","url":"https:\/\/patr928h.aspitcloud.dk\/wp-content\/uploads\/2023\/02\/cropped-Nastasia-Nails-logo.png","contentUrl":"https:\/\/patr928h.aspitcloud.dk\/wp-content\/uploads\/2023\/02\/cropped-Nastasia-Nails-logo.png","width":3297,"height":1899,"caption":"Nastasia Nails"},"image":{"@id":"https:\/\/patr928h.aspitcloud.dk\/#\/schema\/logo\/image\/"}}]}},"_links":{"self":[{"href":"https:\/\/patr928h.aspitcloud.dk\/index.php\/wp-json\/wp\/v2\/product\/134","targetHints":{"allow":["GET"]}}],"collection":[{"href":"https:\/\/patr928h.aspitcloud.dk\/index.php\/wp-json\/wp\/v2\/product"}],"about":[{"href":"https:\/\/patr928h.aspitcloud.dk\/index.php\/wp-json\/wp\/v2\/types\/product"}],"replies":[{"embeddable":true,"href":"https:\/\/patr928h.aspitcloud.dk\/index.php\/wp-json\/wp\/v2\/comments?post=134"}],"wp:featuredmedia":[{"embeddable":true,"href":"https:\/\/patr928h.aspitcloud.dk\/index.php\/wp-json\/wp\/v2\/media\/135"}],"wp:attachment":[{"href":"https:\/\/patr928h.aspitcloud.dk\/index.php\/wp-json\/wp\/v2\/media?parent=134"}],"wp:term":[{"taxonomy":"product_cat","embeddable":true,"href":"https:\/\/patr928h.aspitcloud.dk\/index.php\/wp-json\/wp\/v2\/product_cat?post=134"},{"taxonomy":"product_tag","embeddable":true,"href":"https:\/\/patr928h.aspitcloud.dk\/index.php\/wp-json\/wp\/v2\/product_tag?post=134"}],"curies":[{"name":"wp","href":"https:\/\/api.w.org\/{rel}","templated":true}]}}